{"id":523,"date":"2019-03-29T15:17:48","date_gmt":"2019-03-29T06:17:48","guid":{"rendered":"https:\/\/tti-c.com\/?page_id=523"},"modified":"2019-05-30T10:53:25","modified_gmt":"2019-05-30T01:53:25","slug":"vi-education-consulting","status":"publish","type":"page","link":"https:\/\/tti-c.com\/?page_id=523&lang=vi","title":{"rendered":"T\u01b0 V\u1ea5n Du H\u1ecdc"},"content":{"rendered":"\n\t\t\t<h1>T\u01b0 V\u1ea5n Du H\u1ecdc<\/h1>\t\t\t\n\t\t\t<a href=\"\/vi\/vi-contact-and-career\/\" target=\"_self\"   role=\"button\" rel=\"noopener noreferrer\">\n\t\t\t\t\t\t\tLi\u00ean h\u1ec7 ch\u00fang t\u00f4i\n\t\t<\/a>\n\t\t\t\t<img loading=\"lazy\" decoding=\"async\" src=\"https:\/\/tti-c.com\/wp-content\/uploads\/2019\/02\/consultant-img.jpg\" alt=\"consultant-img\" itemprop=\"image\" height=\"404\" width=\"579\" title=\"consultant-img\" onerror=\"this.style.display='none'\"  \/>\n\t\t\t<h2>Gi\u1edbi thi\u1ec7u nh\u1eadt b\u1ea3n<\/h2>\t\t\t\n\t\t\t\t<p>T\u1ea1i sao Ch\u00fang Ta Ch\u1ecdn Nh\u1eadt B\u1ea3n?<\/p>\n\t<ul>\n\t\t<li>\t\t\t\t\n\t\tM\u1ed9t trong ba n\u1ec1n kinh t\u1ebf l\u1edbn nh\u1ea5t th\u1ebf gi\u1edbi<\/li><li>\t\t\t\t\n\t\tK\u1ec3 t\u1eeb n\u0103m 2016, Tokyo l\u00e0 Th\u00e0nh Ph\u1ed1 GDP s\u1ed1 m\u1ed9t th\u1ebf gi\u1edbi trong ba n\u0103m <\/li><li>\t\t\t\t\n\t\tSo v\u1edbi ng\u01b0\u1ee1ng Visa M\u1ef9, Chi ph\u00ed th\u1ea5p, Thu nh\u1eadp cao,\u00a0\u0110\u1ee7\u00a0\u0111\u1ec3\u00a0\u0111\u00e1p\u00a0\u1ee9ng nhu c\u1ea7u v\u00e0 th\u1eadm ch\u00ed ti\u1ebft ki\u1ec7m ti\u1ec1n.<\/li>\t<\/ul>\n\t\t\t<h2>N\u1ed8I DUNG T\u01af\u00a0V\u1ea4N DU H\u1eccC<\/h2>\t\t\t\n\t\t\t\t<p>T\u1eebng B\u01b0\u1edbc T\u1eebng B\u01b0\u1edbc D\u1eabn D\u1eaft B\u1ea1n Thay\u00a0\u0110\u1ed5i<\/p>\n\t<ul>\n\t\t<li>\t\t\t\t\n\t\tK\u1ebf\u00a0Ho\u1ea1ch Du H\u1ecdc<\/li><li>\t\t\t\t\n\t\tH\u01b0\u1edbng D\u1eabn L\u1ef1a Ch\u1ecdn H\u1ecdc N\u00e2ng Cao<\/li><li>\t\t\t\t\n\t\tH\u1ed7\u00a0Tr\u1ee3\u00a0Chu\u1ea9n B\u1ecb\u00a0Gi\u1ea5y T\u1edd<\/li><li>\t\t\t\t\n\t\t\u00a0\u0110i\u1ec1n V\u00e0o M\u1eabu H\u01b0\u1edbng D\u1eabn<\/li>\t<\/ul>\n\t<ul>\n\t\t<li>\t\t\t\t\n\t\tD\u1ecbch Thu\u1eadt Gi\u1ea5y T\u1edd\u00a0Sang Ti\u1ebfng Nh\u1eadt<\/li><li>\t\t\t\t\n\t\tTh\u1ee7\u00a0T\u1ee5c L\u01b0u Tr\u00fa T\u1ea1i Nh\u1eadt B\u1ea3n<\/li><li>\t\t\t\t\n\t\t\u00a0H\u1ed7\u00a0Tr\u1ee3\u00a0T\u00ecm Ti\u1ebfm Ch\u1ed5\u00a0\u1ede<\/li>\t<\/ul>\n\t<ul>\n\t\t<li>\t\t\t\t\n\t\tH\u1ecdc T\u1eadp V\u00e0 L\u00e0m Vi\u1ec7c Ph\u00f9 H\u1ee3p<\/li><li>\t\t\t\t\n\t\tH\u1ed7\u00a0Tr\u1ee3\u00a0Cu\u1ed9c S\u1ed1ng H\u00e0ng Ng\u00e0y<\/li><li>\t\t\t\t\n\t\tTheo D\u00f5i Ti\u1ebfn\u00a0\u0110\u1ed9\u00a0L\u1eadp K\u1ebf\u00a0Ho\u1ea1ch<\/li>\t<\/ul>\n\t\t\t<h2>\u01afU\u00a0\u0110I\u1ec2M V\u00c0 T\u01af\u01a0NG LAI C\u1ee6A DU H\u1eccC<\/h2>\t\t\t\n\t\t\t\t<p>R\u00f5 R\u00e0ng Ng\u01b0\u1eddi Kh\u00e1c Kh\u00f4ng Bi\u1ebft C\u00e1ch B\u1eaft\u00a0\u0110\u1ea7u,Thay\u00a0\u0110\u1ed5i Ngay L\u1eadp T\u1ee9c<\/p>\n\t\t\t\t<img decoding=\"async\" src=\"https:\/\/tti-c.com\/wp-content\/uploads\/2019\/02\/future-img1.jpg\" alt=\"future-img1\" itemprop=\"image\"\/>\n\t\t<p>Kinh nghi\u1ec7m v\u00e0 gi\u00e1o d\u1ee5c t\u1ed1t h\u01a1n<\/p>\t\t\t\n\t\t\t\t<p>B\u1ecf ra ba n\u0103m \u0111\u1ec3 gi\u00e0nh \u0111\u01b0\u1ee3c nhi\u1ec1u s\u1ef1 \u01b0u c\u1ee7a nhi\u1ec1u ch\u1ee7 doanh nghi\u1ec7p, Kinh nghi\u1ec7m \u0111\u1ed9c l\u1eadp, C\u00f3 kh\u1ea3 n\u0103ng h\u1ee3p t\u00e1c v\u00e0 ph\u1ed1i h\u1ee3p, gi\u1ea5y ch\u1ee9ng nh\u1eadn h\u1ecdc t\u1eadp \u1edf n\u01b0\u1edbc ngo\u00e0i, K\u1ebft qu\u1ea3 h\u1ecdc t\u1eadp v\u00e0 kinh nghi\u1ec7m th\u1ef1c t\u1ebf.<\/p>\n\t\t\t\t<img decoding=\"async\" src=\"https:\/\/tti-c.com\/wp-content\/uploads\/2019\/02\/future-img2.jpg\" alt=\"future-img2\" itemprop=\"image\"\/>\n\t\t<p>T\u00e0i Kho\u1ea3n Tr\u1edf N\u00ean Nhi\u1ec1u H\u01a1n<\/p>\t\t\t\n\t\t\t\t<p>So v\u00f3i c\u00e1c sinh vi\u00ean kh\u00e1c, tr\u1eeb n\u0103m \u0111\u1ea7u ti\u00ean \u01b0\u1edbc t\u00ednh c\u00f3 th\u1ec3 g\u1eedi ti\u1ebft ki\u1ec7m kho\u1ea3ng 700 ng\u00e0n y\u00ean m\u1ed7i n\u0103m. V\u00e0 sau khi tr\u1eeb\u00a0chi ph\u00ed sinh ho\u1ea1t h\u00e0ng ng\u00e0y trong ba n\u0103m c\u00f3 th\u1ec3\u00a0ti\u1ebft ki\u1ec7m h\u01a1n 2 tri\u1ec7u y\u00ean nh\u1eadt.<\/p>\n\t\t\t\t<img decoding=\"async\" src=\"https:\/\/tti-c.com\/wp-content\/uploads\/2019\/02\/future-img3.jpg\" alt=\"future-img3\" itemprop=\"image\"\/>\n\t\t<p> Ph\u1ea5n \u0111\u1ea5u \u0111\u1ec3 \u0111\u1ed5i l\u1ea5y m\u1ed9t t\u01b0\u01a1ng lai t\u1ed1t \u0111\u1eb9p h\u01a1n<\/p>\t\t\t\n\t\t\t\t<p>N\u1ebfu b\u1ea1n\u00a0\u0111\u00e1p\u00a0\u1ee9ng c\u00e1c\u00a0\u0111i\u1ec1u ki\u1ec7n\u00a0\u0111\u1ec3\u00a0s\u1ed1ng\u00a0\u1edf\u00a0Nh\u1eadt B\u1ea3n m\u1ee9c l\u01b0\u01a1ng tung b\u00ecnh h\u00e0ng n\u0103m c\u00f3 th\u1ec3 \u0111\u1ea1t h\u01a1n 3 tri\u1ec7u y\u00ean.<\/p>\n\t\t\t<h2>T\u01b0 v\u1ea5n cu\u1ed9c s\u1ed1ng t\u1ea1i nh\u1eadt b\u1ea3n<\/h2>\t\t\t\n\t\t\t\t<p>Gi\u00fap \u0111\u1ee1 b\u1ea1n trong th\u1eddi gian ng\u1eafn th\u00edch nghi v\u1edbi cu\u1ed9c s\u1ed1ng c\u0169ng nh\u01b0 th\u1eddi ti\u1ebft t\u1ea1i Nh\u1eadt B\u1ea3n\u00a0<\/p>\n\t<ul>\n\t\t<li>\t\t\t\t\n\t\tC\u1ed9c s\u1ed1ng v\u00e0 h\u1ecdc t\u1eadp\uff1a<br>Cung c\u1ea5p trao \u0111\u1ed5i v\u1ec1 cu\u1ed9c s\u1ed1ng trong th\u1eddi gian h\u1ecdc t\u1eadp. H\u1ed7 tr\u1ee3 \u0111\u0103ng k\u00fd m\u1ea1ng Internet.<\/li><li>\t\t\t\t\n\t\tH\u1ed7 tr\u1ee3 t\u00ecm ki\u1ebfm vi\u1ec7c l\u00e0m\uff1a<Br>Gi\u00fap b\u1ea1n t\u00ecm \u0111\u01b0\u1ee3c c\u00f4ng vi\u1ec7c ph\u00f9 h\u1ee3p\u00a0\u0111\u1ec3\u00a0trang tr\u1ea3i chi ph\u00ed h\u1ecdc t\u1eadp v\u00e0 sinh ho\u1ea1t h\u00e0ng Ng\u00e0y trong th\u1eddi gian du h\u1ecdc.<\/li><li>\t\t\t\t\n\t\tH\u1ed7 tr\u1ee3 \u0111\u0103ng k\u00fd k\u00fd t\u00fac x\u00e1 ho\u1eb7c nh\u00e0 tr\u1ecd\uff1a <br>Gi\u00fap b\u1ea1n kh\u00f4ng ph\u1ea3i lo l\u1eafng v\u1ec1\u00a0v\u1ea5n\u00a0\u0111\u1ec1\u00a0nh\u00e0\u00a0\u1edf<\/li>\t<\/ul>\n\t\t\t\t<img loading=\"lazy\" decoding=\"async\" src=\"https:\/\/tti-c.com\/wp-content\/uploads\/2019\/02\/consultant-img2.jpg\" alt=\"consultant-img2\" itemprop=\"image\" height=\"414\" width=\"580\" title=\"consultant-img2\" onerror=\"this.style.display='none'\"  \/>\n\t\t\t<h2>H\u01b0\u1edbng d\u1eabn ngh\u1ec1 nghi\u1ec7p v\u00e0 l\u1eadp l\u1eadp k\u1ebf ho\u1ea1ch t\u00e0i ch\u00ednh<\/h2>\t\t\t\n\t\t\t\t<p>Gi\u00fap b\u1ea1n\u00a0\u0111\u1eb7t m\u1ee5c ti\u00eau v\u00e0 gi\u00fap b\u1ea1n\u00a0\u0111\u1ea1t\u00a0\u0111\u01b0\u1ee3c th\u00e0nh c\u00f4ng trong th\u1eddi gian\u00a0\u0111\u01b0a ra<\/p>\n\t\t\t\t<img decoding=\"async\" src=\"https:\/\/tti-c.com\/wp-content\/uploads\/2019\/02\/guide-img01.jpg\" alt=\"guide-img01\" itemprop=\"image\"\/>\n\t\t<h4>M\u1ed9t n\u0103m + n\u01b0\u1edbc r\u00fat ng\u1eafn h\u1ea1n<\/h4>\t\t\t\n\t\t\t\t<p>C\u00f3\u00a0\u0111\u01b0\u1ee3c tr\u00ecnh\u00a0\u0111\u1ed9\u00a0ng\u00f4n ng\u1eef\u00a0N3. V\u00e0 ki\u1ebfm\u00a0\u0111\u01b0\u1ee3c nhi\u1ec1u ti\u1ec1n nh\u1ea5t trong h\u01a1n m\u1ed9t n\u0103m.<\/p>\n\t\t\t\t<img decoding=\"async\" src=\"https:\/\/tti-c.com\/wp-content\/uploads\/2019\/02\/guide-img02.jpg\" alt=\"guide-img02\" itemprop=\"image\"\/>\n\t\t<h4>ba n\u0103m + k\u1ebf ho\u1ea1ch ng\u1eafn h\u1ea1n<\/h4>\t\t\t\n\t\t\t\t<p>Ho\u00e0n th\u00e0nh m\u1ee9c\u00a0\u0111\u1ed9\u00a0chuy\u00ean m\u00f4n h\u00f3a. S\u1ed1\u00a0ti\u1ec1n\u00a0ti\u1ebft ki\u1ec7m trong ba \u0111\u1ebfn b\u1ed1n n\u0103m b\u1eb1ng\u00a0\u00a0trong n\u01b0\u1edbc kho\u1ea3ng 10 n\u0103m\u00a0l\u00e0m v\u00e0 ti\u1ebft ki\u1ec7m \u0111\u01b0\u1ee3c.<\/p>\n\t\t\t\t<img decoding=\"async\" src=\"https:\/\/tti-c.com\/wp-content\/uploads\/2019\/02\/guide-img03.jpg\" alt=\"guide-img03\" itemprop=\"image\"\/>\n\t\t<h4>5 N\u0103m + k\u1ebf\u00a0ho\u1ea1ch d\u00e0i h\u1ea1n<\/h4>\t\t\t\n\t\t\t\t<p>C\u00f3 b\u1eb1ng\u00a0\u0111\u1ea1i h\u1ecdc c\u1ee7a Nh\u1eadt B\u1ea3n. T\u00ecm ki\u1ebfm s\u1ef1\u00a0ph\u00e1t tri\u1ec3n kh\u00e1c v\u1edbi nh\u1eefng ng\u01b0\u1eddi b\u00ecnh th\u01b0\u1eddng\u00a0\u1edf\u00a0Nh\u1eadt B\u1ea3n.<\/p>\n\t\t\t<h2>Cu\u1ed9c h\u1eb9n t\u01b0 v\u1ea5n&#8211; B\u1eaft \u0111\u1ea7u thay \u0111\u1ed5i cu\u1ed9c s\u1ed1ng c\u1ee7a b\u1ea1n!<\/h2>\t\t\t\n\t\t\t<a href=\"\/vi\/vi-contact-and-career\/\" target=\"_self\"   role=\"button\" rel=\"noopener noreferrer\">\n\t\t\t\t\t\t\tLi\u00ean h\u1ec7 ch\u00fang t\u00f4i\n\t\t<\/a>\n","protected":false},"excerpt":{"rendered":"<p>T\u01b0 V\u1ea5n Du H\u1ecdc Li\u00ean h\u1ec7 ch\u00fang t\u00f4i Gi\u1edbi thi\u1ec7u nh\u1eadt b\u1ea3n T\u1ea1i&hellip;<\/p>\n","protected":false},"author":1,"featured_media":0,"parent":0,"menu_order":0,"comment_status":"closed","ping_status":"closed","template":"","meta":{"footnotes":""},"class_list":["post-523","page","type-page","status-publish","hentry"],"yoast_head":"<!-- This site is optimized with the Yoast SEO plugin v27.4 - https:\/\/yoast.com\/product\/yoast-seo-wordpress\/ -->\n<title>T\u01b0 V\u1ea5n Du H\u1ecdc - Toan Tam<\/title>\n<meta name=\"robots\" content=\"index, follow, max-snippet:-1, max-image-preview:large, max-video-preview:-1\" \/>\n<link rel=\"canonical\" href=\"https:\/\/tti-c.com\/?page_id=523&lang=vi\" \/>\n<meta property=\"og:locale\" content=\"zh_TW\" \/>\n<meta property=\"og:type\" content=\"article\" \/>\n<meta property=\"og:title\" content=\"T\u01b0 V\u1ea5n Du H\u1ecdc - Toan Tam\" \/>\n<meta property=\"og:description\" content=\"T\u01b0 V\u1ea5n Du H\u1ecdc Li\u00ean h\u1ec7 ch\u00fang t\u00f4i Gi\u1edbi thi\u1ec7u nh\u1eadt b\u1ea3n T\u1ea1i&hellip;\" \/>\n<meta property=\"og:url\" content=\"https:\/\/tti-c.com\/?page_id=523&amp;lang=vi\" \/>\n<meta property=\"og:site_name\" content=\"Toan Tam\" \/>\n<meta property=\"article:modified_time\" content=\"2019-05-30T01:53:25+00:00\" \/>\n<meta property=\"og:image\" content=\"https:\/\/tti-c.com\/wp-content\/uploads\/2019\/02\/consultant-img.jpg\" \/>\n<meta name=\"twitter:card\" content=\"summary_large_image\" \/>\n<meta name=\"twitter:label1\" content=\"\u9810\u4f30\u95b1\u8b80\u6642\u9593\" \/>\n\t<meta name=\"twitter:data1\" content=\"4 \u5206\u9418\" \/>\n<script type=\"application\/ld+json\" class=\"yoast-schema-graph\">{\"@context\":\"https:\\\/\\\/schema.org\",\"@graph\":[{\"@type\":\"WebPage\",\"@id\":\"https:\\\/\\\/tti-c.com\\\/?page_id=523&lang=vi\",\"url\":\"https:\\\/\\\/tti-c.com\\\/?page_id=523&lang=vi\",\"name\":\"T\u01b0 V\u1ea5n Du H\u1ecdc - Toan Tam\",\"isPartOf\":{\"@id\":\"https:\\\/\\\/tti-c.com\\\/#website\"},\"primaryImageOfPage\":{\"@id\":\"https:\\\/\\\/tti-c.com\\\/?page_id=523&lang=vi#primaryimage\"},\"image\":{\"@id\":\"https:\\\/\\\/tti-c.com\\\/?page_id=523&lang=vi#primaryimage\"},\"thumbnailUrl\":\"https:\\\/\\\/tti-c.com\\\/wp-content\\\/uploads\\\/2019\\\/02\\\/consultant-img.jpg\",\"datePublished\":\"2019-03-29T06:17:48+00:00\",\"dateModified\":\"2019-05-30T01:53:25+00:00\",\"breadcrumb\":{\"@id\":\"https:\\\/\\\/tti-c.com\\\/?page_id=523&lang=vi#breadcrumb\"},\"inLanguage\":\"zh-TW\",\"potentialAction\":[{\"@type\":\"ReadAction\",\"target\":[\"https:\\\/\\\/tti-c.com\\\/?page_id=523&lang=vi\"]}]},{\"@type\":\"ImageObject\",\"inLanguage\":\"zh-TW\",\"@id\":\"https:\\\/\\\/tti-c.com\\\/?page_id=523&lang=vi#primaryimage\",\"url\":\"https:\\\/\\\/tti-c.com\\\/wp-content\\\/uploads\\\/2019\\\/02\\\/consultant-img.jpg\",\"contentUrl\":\"https:\\\/\\\/tti-c.com\\\/wp-content\\\/uploads\\\/2019\\\/02\\\/consultant-img.jpg\",\"width\":579,\"height\":404},{\"@type\":\"BreadcrumbList\",\"@id\":\"https:\\\/\\\/tti-c.com\\\/?page_id=523&lang=vi#breadcrumb\",\"itemListElement\":[{\"@type\":\"ListItem\",\"position\":1,\"name\":\"\u9996\u9801\",\"item\":\"https:\\\/\\\/tti-c.com\\\/\"},{\"@type\":\"ListItem\",\"position\":2,\"name\":\"T\u01b0 V\u1ea5n Du H\u1ecdc\"}]},{\"@type\":\"WebSite\",\"@id\":\"https:\\\/\\\/tti-c.com\\\/#website\",\"url\":\"https:\\\/\\\/tti-c.com\\\/\",\"name\":\"Toan Tam\",\"description\":\"\",\"potentialAction\":[{\"@type\":\"SearchAction\",\"target\":{\"@type\":\"EntryPoint\",\"urlTemplate\":\"https:\\\/\\\/tti-c.com\\\/?s={search_term_string}\"},\"query-input\":{\"@type\":\"PropertyValueSpecification\",\"valueRequired\":true,\"valueName\":\"search_term_string\"}}],\"inLanguage\":\"zh-TW\"}]}<\/script>\n<!-- \/ Yoast SEO plugin. -->","yoast_head_json":{"title":"T\u01b0 V\u1ea5n Du H\u1ecdc - Toan Tam","robots":{"index":"index","follow":"follow","max-snippet":"max-snippet:-1","max-image-preview":"max-image-preview:large","max-video-preview":"max-video-preview:-1"},"canonical":"https:\/\/tti-c.com\/?page_id=523&lang=vi","og_locale":"zh_TW","og_type":"article","og_title":"T\u01b0 V\u1ea5n Du H\u1ecdc - Toan Tam","og_description":"T\u01b0 V\u1ea5n Du H\u1ecdc Li\u00ean h\u1ec7 ch\u00fang t\u00f4i Gi\u1edbi thi\u1ec7u nh\u1eadt b\u1ea3n T\u1ea1i&hellip;","og_url":"https:\/\/tti-c.com\/?page_id=523&lang=vi","og_site_name":"Toan Tam","article_modified_time":"2019-05-30T01:53:25+00:00","og_image":[{"url":"https:\/\/tti-c.com\/wp-content\/uploads\/2019\/02\/consultant-img.jpg","type":"","width":"","height":""}],"twitter_card":"summary_large_image","twitter_misc":{"\u9810\u4f30\u95b1\u8b80\u6642\u9593":"4 \u5206\u9418"},"schema":{"@context":"https:\/\/schema.org","@graph":[{"@type":"WebPage","@id":"https:\/\/tti-c.com\/?page_id=523&lang=vi","url":"https:\/\/tti-c.com\/?page_id=523&lang=vi","name":"T\u01b0 V\u1ea5n Du H\u1ecdc - Toan Tam","isPartOf":{"@id":"https:\/\/tti-c.com\/#website"},"primaryImageOfPage":{"@id":"https:\/\/tti-c.com\/?page_id=523&lang=vi#primaryimage"},"image":{"@id":"https:\/\/tti-c.com\/?page_id=523&lang=vi#primaryimage"},"thumbnailUrl":"https:\/\/tti-c.com\/wp-content\/uploads\/2019\/02\/consultant-img.jpg","datePublished":"2019-03-29T06:17:48+00:00","dateModified":"2019-05-30T01:53:25+00:00","breadcrumb":{"@id":"https:\/\/tti-c.com\/?page_id=523&lang=vi#breadcrumb"},"inLanguage":"zh-TW","potentialAction":[{"@type":"ReadAction","target":["https:\/\/tti-c.com\/?page_id=523&lang=vi"]}]},{"@type":"ImageObject","inLanguage":"zh-TW","@id":"https:\/\/tti-c.com\/?page_id=523&lang=vi#primaryimage","url":"https:\/\/tti-c.com\/wp-content\/uploads\/2019\/02\/consultant-img.jpg","contentUrl":"https:\/\/tti-c.com\/wp-content\/uploads\/2019\/02\/consultant-img.jpg","width":579,"height":404},{"@type":"BreadcrumbList","@id":"https:\/\/tti-c.com\/?page_id=523&lang=vi#breadcrumb","itemListElement":[{"@type":"ListItem","position":1,"name":"\u9996\u9801","item":"https:\/\/tti-c.com\/"},{"@type":"ListItem","position":2,"name":"T\u01b0 V\u1ea5n Du H\u1ecdc"}]},{"@type":"WebSite","@id":"https:\/\/tti-c.com\/#website","url":"https:\/\/tti-c.com\/","name":"Toan Tam","description":"","potentialAction":[{"@type":"SearchAction","target":{"@type":"EntryPoint","urlTemplate":"https:\/\/tti-c.com\/?s={search_term_string}"},"query-input":{"@type":"PropertyValueSpecification","valueRequired":true,"valueName":"search_term_string"}}],"inLanguage":"zh-TW"}]}},"_links":{"self":[{"href":"https:\/\/tti-c.com\/index.php?rest_route=\/wp\/v2\/pages\/523","targetHints":{"allow":["GET"]}}],"collection":[{"href":"https:\/\/tti-c.com\/index.php?rest_route=\/wp\/v2\/pages"}],"about":[{"href":"https:\/\/tti-c.com\/index.php?rest_route=\/wp\/v2\/types\/page"}],"author":[{"embeddable":true,"href":"https:\/\/tti-c.com\/index.php?rest_route=\/wp\/v2\/users\/1"}],"replies":[{"embeddable":true,"href":"https:\/\/tti-c.com\/index.php?rest_route=%2Fwp%2Fv2%2Fcomments&post=523"}],"version-history":[{"count":8,"href":"https:\/\/tti-c.com\/index.php?rest_route=\/wp\/v2\/pages\/523\/revisions"}],"predecessor-version":[{"id":842,"href":"https:\/\/tti-c.com\/index.php?rest_route=\/wp\/v2\/pages\/523\/revisions\/842"}],"wp:attachment":[{"href":"https:\/\/tti-c.com\/index.php?rest_route=%2Fwp%2Fv2%2Fmedia&parent=523"}],"curies":[{"name":"wp","href":"https:\/\/api.w.org\/{rel}","templated":true}]}}